he thousands digit of 679131?
9
What is the tens digit of 798704?
0
What is the hundreds digit of 450757?
7
What is the ten thousands digit of 3999279?
9
What is the ten thousands digit of 6003417?
0
What is the hundreds digit of 16468816?
8
What is the tens digit of 282282?
8
What is the ten thousands digit of 2435355?
3
What is the units digit of 5847099?
9
What is the units digit of 831007?
7
What is the tens digit of 4843777?
7
What is the thousands digit of 22290077?
0
What is the units digit of 12833886?
6
What is the tens digit of 172469?
6
What is the units digit of 6859716?
6
What is the thousands digit of 16919012?
9
What is the ten thousands digit of 6778612?
7
What is the units digit of 832093?
3
What is the ten thousands digit of 1362651?
6
What is the millions digit of 20440936?
0
What is the millions digit of 8701865?
8
What is the ten thousands digit of 6674424?
7
What is the units digit of 340803?
3
What is the tens digit of 6783505?
0
What is the units digit of 20115?
5
What is the hundreds digit of 11337021?
0
What is the hundred thousands digit of 1374911?
3
What is the thousands digit of 59648?
9
What is the ten thousands digit of 424241?
2
What is the units digit of 30793?
3
What is the ten thousands digit of 5649081?
4
What is the hundreds digit of 108953?
9
What is the thousands digit of 2365243?
5
What is the hundred thousands digit of 344301?
3
What is the hundreds digit of 137408?
4
What is the millions digit of 3390459?
3
What is the hundreds digit of 101550?
5
What is the tens digit of 161840?
4
What is the units digit of 75649?
9
What is the millions digit of 1146965?
1
What is the ten thousands digit of 994604?
9
What is the millions digit of 1614633?
1
What is the ten thousands digit of 3653808?
5
What is the ten thousands digit of 211357?
1
What is the millions digit of 3554451?
3
What is the units digit of 1928597?
7
What is the tens digit of 13465099?
9
What is the ten thousands digit of 1961389?
6
What is the hundreds digit of 18064324?
3
What is the millions digit of 27895267?
7
What is the thousands digit of 779307?
9
What is the millions digit of 25992583?
5
What is the hundreds digit of 148017?
0
What is the units digit of 463064?
4
What is the units digit of 357515?
5
What is the tens digit of 1154331?
3
What is the millions digit of 8299884?
8
What is the tens digit of 34667?
6
What is the tens digit of 294564?
6
What is the hundreds digit of 5320511?
5
What is the thousands digit of 1703698?
3
What is the hundreds digit of 1425940?
9
What is the hundred thousands digit of 345181?
3
What is the hundred thousands digit of 24593575?
5
What is the ten thousands digit of 160021?
6
What is the thousands digit of 176655?
6
What is the units digit of 870889?
9
What is the hundreds digit of 1938228?
2
What is the hundred thousands digit of 398169?
3
What is the units digit of 1022378?
8
What is the hundred thousands digit of 401134?
4
What is the ten thousands digit of 13989977?
8
What is the units digit of 155644?
4
What is the ten thousands digit of 20930893?
3
What is the units digit of 95006?
6
What is the ten thousands digit of 926099?
2
What is the units digit of 365262?
2
What is the tens digit of 368400?
0
What is the millions digit of 5663037?
5
What is the thousands digit of 514909?
4
What is the hundreds digit of 2907579?
5
What is the hundreds digit of 95799?
7
What is the hundred thousands digit of 793469?
7
What is the units digit of 353544?
4
What is the millions digit of 12373866?
2
What is the hundreds digit of 2917900?
9
What is the tens digit of 282429?
2
What is the tens digit of 606696?
9
What is the hundred thousands digit of 3416002?
4
What is the thousands digit of 8208186?
8
What is the units digit of 58786?
6
What is the hundreds digit of 531820?
8
What is the thousands digit of 1563702?
3
What is the tens digit of 401235?
3
What is the hundreds digit of 1854233?
2
What is the thousands digit of 20173?
0
What is the hundred thousands digit of 214733?
2
What is the tens digit of 89253?
5
What is the hundreds digit of 343130?
1
What is the thousands digit of 128064?
8
What is the hundreds digit of 5110857?
8
What is the thousands digit of 66943?
6
What is the hundred thousands digit of 3412333?
4
What is the hundred thousands digit of 682442?
6
What is the millions digit of 3695148?
3
What is the ten thousands digit of 5399324?
9
What is the hundreds digit of 367807?
8
What is the ten thousands digit of 7087504?
8
What is the ten thousands digit of 13352868?
5
What is the ten thousands digit of 102026?
0
What is the hundred thousands digit of 1686284?
6
What is the tens digit of 973884?
8
What is the hundred thousands digit of 23150899?
1
What is the hundreds digit of 13455189?
1
What is the units digit of 18175871?
1
What is the ten thousands digit of 182118?
8
What is the hundreds digit of 9811365?
3
What is the units digit of 14360903?
3
What is the ten thousands digit of 986742?
8
What is the hundred thousands digit of 4748693?
7
What is the tens digit of 541189?
8
What is the millions digit of 29265639?
9
What is the hundred thousands digit of 2807292?
8
What is the thousands digit of 514863?
4
What is the hundreds digit of 766928?
9
What is the hundreds digit of 21629?
6
What is the tens digit of 371282?
8
What is the thousands digit of 107870?
7
What is the ten thousands digit of 51352?
5
What is the units digit of 25787?
7
What is the tens digit of 22978789?
8
What is the hundreds digit of 943254?
2
What is the hundreds digit of 780269?
2
What is the ten thousands digit of 696382?
9
What is the tens digit of 197716?
1
What is the units digit of 374219?
9
What is the units digit of 356705?
5
What is the millions digit of 4619228?
4
What is the ten thousands digit of 3354883?
5
What is the hundred thousands digit of 2577739?
5
What is the hundred thousands digit of 2193780?
1
What is the ten thousands digit of 4631289?
3
What is the tens digit of 3293715?
1
What is the ten thousands digit of 8963741?
6
What is the tens digit of 2002876?
7
What is the units digit of 81449?
9
What is the thousands digit of 1697729?
7
What is the millions digit of 2245350?
2
What is the thousands digit of 750881?
0
What is the ten thousands digit of 5392000?
9
What is the hundreds digit of 297093?
0
What is the ten thousands digit of 244237?
4
What is the ten thousands digit of 268337?
6
What is the thousands digit of 5132925?
2
What is the tens digit of 4412837?
3
What is the units digit of 9415556?
6
What is the hundreds digit of 1303630?
6
What is the thousands digit of 449763?
9
What is the units digit of 447678?
8
What is the units digit of 15077558?
8
What is the units digit of 6402371?
1
What is the hundred thousands digit of 10824195?
8
What is the units digit of 257737?
7
What is the ten thousands digit of 3367474?
6
What is the units digit of 47518?
8
What is the millions digit of 4077748?
4
What is the ten thousands digit of 316895?
1
What is the thousands digit of 854610?
4
What is the units digit of 1098525?
5
What is the hundreds digit of 8373745?
7
What is the millions digit of 20622568?
0
What is the hundreds digit of 29645?
6
What is the units digit of 7204034?
4
What is the thousands digit of 25139012?
9
What is the hundred thousands digit of 1874764?
8
What is the units digit of 227834?
4
What is the hundreds digit of 1234740?
7
What is the hundred thousands digit of 16630114?
6
What is the hundred thousands digit of 1284847?
2
What is the units digit of 490192?
2
What is the units digit of 856873?
3
What is the ten thousands digit of 13572016?
7
What is the thousands digit of 28657?
8
What is the hundreds digit of 4371218?
2
What is the millions digit of 2289852?
2
What is the thousands digit of 837820?
7
What is the millions digit of 1744929?
1
What is the tens digit of 420696?
9
What is the units digit of 273791?
1
What is the hundreds digit of 177807?
8
What is the tens digit of 85613?
1
What is the ten thousands digit of 5919659?
1
What is the ten thousands digit of 3071107?
7
What is the tens digit of 416575?
7
What is the ten thousands digit of 465703?
6
What is the hundreds digit of 1544793?
7
What is the thousands digit of 261694?
1
What is the hundred thousands digit